{"id":700,"date":"2014-09-30T13:29:31","date_gmt":"2014-09-30T19:29:31","guid":{"rendered":"http:\/\/www.lasallechihuahua.edu.mx\/wordpress\/?page_id=700"},"modified":"2018-06-22T11:26:12","modified_gmt":"2018-06-22T17:26:12","slug":"pastoral","status":"publish","type":"page","link":"https:\/\/www.lasallechihuahua.edu.mx\/wordpress\/secciones\/pastoral\/","title":{"rendered":"Pastoral"},"content":{"rendered":"<p>[vc_row][vc_column][vc_column_text]El Departamento de Pastoral promueve el anuncio y el conocimiento del mensaje\u00a0cristiano, as\u00ed como su pr\u00e1ctica vivencial y la celebraci\u00f3n del mismo en la comunidad educativa, seg\u00fan el carisma de San Juan Bautista de La Salle, a fin de favorecer en cada miembro su desarrollo\u00a0personal y comunitario, con miras a su trascendencia\u00a0en el \u00e1mbito social desde la perspectiva del Reino de\u00a0Dios.[\/vc_column_text][vc_row_inner][vc_column_inner width=&#8221;1\/4&#8243;][vc_single_image image=&#8221;3230&#8243; alignment=&#8221;center&#8221; onclick=&#8221;custom_link&#8221; css_animation=&#8221;none&#8221; link=&#8221;https:\/\/www.lasallechihuahua.edu.mx\/wordpress\/secciones\/pastoral\/refelxiones\/&#8221; css=&#8221;.vc_custom_1529688292102{padding-top: 25px !important;}&#8221;][vc_custom_heading text=&#8221;Reflexiones&#8221; font_container=&#8221;tag:h5|text_align:center|color:%23b4b7c1&#8243; use_theme_fonts=&#8221;yes&#8221; link=&#8221;url:http%3A%2F%2Fwww.lasallechihuahua.edu.mx%2Fwordpress%2Fsecciones%2Fpastoral%2Frefelxiones%2F|||&#8221; css=&#8221;.vc_custom_1529688304539{padding-top: 3px !important;}&#8221;][\/vc_column_inner][vc_column_inner width=&#8221;1\/4&#8243;][vc_single_image image=&#8221;3227&#8243; alignment=&#8221;center&#8221; onclick=&#8221;custom_link&#8221; css_animation=&#8221;none&#8221; link=&#8221;https:\/\/www.lasallechihuahua.edu.mx\/wordpress\/secciones\/pastoral\/documentos\/&#8221; css=&#8221;.vc_custom_1529688263044{padding-top: 20px !important;}&#8221;][vc_custom_heading text=&#8221;Documentos&#8221; font_container=&#8221;tag:h5|text_align:center|color:%23b4b7c1&#8243; use_theme_fonts=&#8221;yes&#8221; link=&#8221;url:http%3A%2F%2Fwww.lasallechihuahua.edu.mx%2Fwordpress%2Fsecciones%2Fpastoral%2Fdocumentos%2F|||&#8221;][\/vc_column_inner][vc_column_inner width=&#8221;1\/4&#8243;][vc_single_image image=&#8221;3229&#8243; alignment=&#8221;center&#8221; onclick=&#8221;custom_link&#8221; css_animation=&#8221;none&#8221; link=&#8221;https:\/\/www.lasallechihuahua.edu.mx\/wordpress\/secciones\/pastoral\/proyecto30-15\/&#8221;][vc_custom_heading text=&#8221;Proyecto 30-15&#8243; font_container=&#8221;tag:h5|text_align:center|color:%23b4b7c1&#8243; use_theme_fonts=&#8221;yes&#8221; link=&#8221;url:http%3A%2F%2Fwww.lasallechihuahua.edu.mx%2Fwordpress%2Fsecciones%2Fpastoral%2Fproyecto30-15%2F|||&#8221;][\/vc_column_inner][vc_column_inner width=&#8221;1\/4&#8243;][vc_single_image image=&#8221;3228&#8243; alignment=&#8221;center&#8221; onclick=&#8221;custom_link&#8221; css_animation=&#8221;none&#8221; link=&#8221;https:\/\/www.lasallechihuahua.edu.mx\/wordpress\/movimiento-infantil-y-juvenil-lasallista\/&#8221;][vc_custom_heading text=&#8221;Movimiento Infantil y Juvenil Lasallista&#8221; font_container=&#8221;tag:h5|text_align:center|color:%23b4b7c1&#8243; use_theme_fonts=&#8221;yes&#8221; link=&#8221;url:http%3A%2F%2Fwww.lasallechihuahua.edu.mx%2Fwordpress%2Fmovimiento-infantil-y-juvenil-lasallista%2F|||&#8221;][\/vc_column_inner][\/vc_row_inner][vc_column_text]<strong><em>Informes\u00a0Departamento de Pastoral<\/em><\/strong><\/p>\n<ul>\n<li>Tel\u00e9fono: 614 432 3900 ext.\u00a0280<\/li>\n<li>Direcci\u00f3n: Ave. Polit\u00e9cnico Nacional 5100, Col. Lomas La Salle, Chihuahua, Chih., Mex., C.P. 31214<\/li>\n<\/ul>\n<p>[\/vc_column_text][\/vc_column][\/vc_row]<\/p>\n","protected":false},"excerpt":{"rendered":"<p>[vc_row][vc_column][vc_column_text]El Departamento de Pastoral promueve el anuncio y el conocimiento del mensaje\u00a0cristiano, as\u00ed como su pr\u00e1ctica vivencial y la celebraci\u00f3n del mismo en la comunidad educativa, seg\u00fan el carisma de San Juan Bautista de La Salle, a fin de favorecer en cada miembro su desarrollo\u00a0personal y comunitario, con miras a su trascendencia\u00a0en el \u00e1mbito social desde la perspectiva del Reino&nbsp;<a href=\"https:\/\/www.lasallechihuahua.edu.mx\/wordpress\/secciones\/pastoral\/\">[&hellip;]<\/a><\/p>\n","protected":false},"author":3,"featured_media":0,"parent":51,"menu_order":0,"comment_status":"closed","ping_status":"open","template":"","meta":[],"_links":{"self":[{"href":"https:\/\/www.lasallechihuahua.edu.mx\/wordpress\/wp-json\/wp\/v2\/pages\/700"}],"collection":[{"href":"https:\/\/www.lasallechihuahua.edu.mx\/wordpress\/wp-json\/wp\/v2\/pages"}],"about":[{"href":"https:\/\/www.lasallechihuahua.edu.mx\/wordpress\/wp-json\/wp\/v2\/types\/page"}],"author":[{"embeddable":true,"href":"https:\/\/www.lasallechihuahua.edu.mx\/wordpress\/wp-json\/wp\/v2\/users\/3"}],"replies":[{"embeddable":true,"href":"https:\/\/www.lasallechihuahua.edu.mx\/wordpress\/wp-json\/wp\/v2\/comments?post=700"}],"version-history":[{"count":14,"href":"https:\/\/www.lasallechihuahua.edu.mx\/wordpress\/wp-json\/wp\/v2\/pages\/700\/revisions"}],"predecessor-version":[{"id":3231,"href":"https:\/\/www.lasallechihuahua.edu.mx\/wordpress\/wp-json\/wp\/v2\/pages\/700\/revisions\/3231"}],"up":[{"embeddable":true,"href":"https:\/\/www.lasallechihuahua.edu.mx\/wordpress\/wp-json\/wp\/v2\/pages\/51"}],"wp:attachment":[{"href":"https:\/\/www.lasallechihuahua.edu.mx\/wordpress\/wp-json\/wp\/v2\/media?parent=700"}],"curies":[{"name":"wp","href":"https:\/\/api.w.org\/{rel}","templated":true}]}}

<p>[vc_row][vc_column][vc_column_text]El Departamento de Pastoral promueve el anuncio y el conocimiento del mensaje cristiano, así como su práctica vivencial y la celebración del mismo en la comunidad educativa, según el carisma de San Juan Bautista de La Salle, a fin de favorecer en cada miembro su desarrollo personal y comunitario, con miras a su trascendencia en el ámbito social desde la perspectiva del Reino de Dios.[/vc_column_text][vc_row_inner][vc_column_inner width=&#8221;1/4&#8243;][vc_single_image image=&#8221;3230&#8243; alignment=&#8221;center&#8221; onclick=&#8221;custom_link&#8221; css_animation=&#8221;none&#8221; link=&#8221;https://www.lasallechihuahua.edu.mx/wordpress/secciones/pastoral/refelxiones/&#8221; css=&#8221;.vc_custom_1529688292102{padding-top: 25px !important;}&#8221;][vc_custom_heading text=&#8221;Reflexiones&#8221; font_container=&#8221;tag:h5|text_align:center|color:%23b4b7c1&#8243; use_theme_fonts=&#8221;yes&#8221; link=&#8221;url:http%3A%2F%2Fwww.lasallechihuahua.edu.mx%2Fwordpress%2Fsecciones%2Fpastoral%2Frefelxiones%2F|||&#8221; css=&#8221;.vc_custom_1529688304539{padding-top: 3px !important;}&#8221;][/vc_column_inner][vc_column_inner width=&#8221;1/4&#8243;][vc_single_image image=&#8221;3227&#8243; alignment=&#8221;center&#8221; onclick=&#8221;custom_link&#8221; css_animation=&#8221;none&#8221; link=&#8221;https://www.lasallechihuahua.edu.mx/wordpress/secciones/pastoral/documentos/&#8221; css=&#8221;.vc_custom_1529688263044{padding-top: 20px !important;}&#8221;][vc_custom_heading text=&#8221;Documentos&#8221; font_container=&#8221;tag:h5|text_align:center|color:%23b4b7c1&#8243; use_theme_fonts=&#8221;yes&#8221; link=&#8221;url:http%3A%2F%2Fwww.lasallechihuahua.edu.mx%2Fwordpress%2Fsecciones%2Fpastoral%2Fdocumentos%2F|||&#8221;][/vc_column_inner][vc_column_inner width=&#8221;1/4&#8243;][vc_single_image image=&#8221;3229&#8243; alignment=&#8221;center&#8221; onclick=&#8221;custom_link&#8221; css_animation=&#8221;none&#8221; link=&#8221;https://www.lasallechihuahua.edu.mx/wordpress/secciones/pastoral/proyecto30-15/&#8221;][vc_custom_heading text=&#8221;Proyecto 30-15&#8243; font_container=&#8221;tag:h5|text_align:center|color:%23b4b7c1&#8243; use_theme_fonts=&#8221;yes&#8221; link=&#8221;url:http%3A%2F%2Fwww.lasallechihuahua.edu.mx%2Fwordpress%2Fsecciones%2Fpastoral%2Fproyecto30-15%2F|||&#8221;][/vc_column_inner][vc_column_inner width=&#8221;1/4&#8243;][vc_single_image image=&#8221;3228&#8243; alignment=&#8221;center&#8221; onclick=&#8221;custom_link&#8221; css_animation=&#8221;none&#8221; link=&#8221;https://www.lasallechihuahua.edu.mx/wordpress/movimiento-infantil-y-juvenil-lasallista/&#8221;][vc_custom_heading text=&#8221;Movimiento Infantil y Juvenil Lasallista&#8221; font_container=&#8221;tag:h5|text_align:center|color:%23b4b7c1&#8243; use_theme_fonts=&#8221;yes&#8221; link=&#8221;url:http%3A%2F%2Fwww.lasallechihuahua.edu.mx%2Fwordpress%2Fmovimiento-infantil-y-juvenil-lasallista%2F|||&#8221;][/vc_column_inner][/vc_row_inner][vc_column_text]<strong><em>Informes Departamento de Pastoral</em></strong></p>
<ul>
<li>Teléfono: 614 432 3900 ext. 280</li>
<li>Dirección: Ave. Politécnico Nacional 5100, Col. Lomas La Salle, Chihuahua, Chih., Mex., C.P. 31214</li>
</ul>
<p>[/vc_column_text][/vc_column][/vc_row]</p>

<p>[vc_row][vc_column][vc_column_text]El Departamento de Pastoral promueve el anuncio y el conocimiento del mensaje cristiano, así como su práctica vivencial y la celebración del mismo en la comunidad educativa, según el carisma de San Juan Bautista de La Salle, a fin de favorecer en cada miembro su desarrollo personal y comunitario, con miras a su trascendencia en el ámbito social desde la perspectiva del Reino&nbsp;<a href="https://www.lasallechihuahua.edu.mx/wordpress/secciones/pastoral/">[&hellip;]</a></p>
