{"id":5472,"date":"2020-06-29T10:54:29","date_gmt":"2020-06-29T16:54:29","guid":{"rendered":"http:\/\/www.lasallechihuahua.edu.mx\/wordpress\/?page_id=5472"},"modified":"2020-06-29T11:00:32","modified_gmt":"2020-06-29T17:00:32","slug":"misiones-lasallistas","status":"publish","type":"page","link":"https:\/\/www.lasallechihuahua.edu.mx\/wordpress\/misiones-lasallistas\/","title":{"rendered":"Misiones Lasallistas"},"content":{"rendered":"<p>[vc_row][vc_column][vc_single_image image=&#8221;5474&#8243; img_size=&#8221;large&#8221;][vc_column_text]Nuestra misi\u00f3n en la vida es uno de los temas m\u00e1s importantes que tenemos que reflexionar. Saber qu\u00e9 es una misi\u00f3n, cu\u00e1ndo es de Dios, y cu\u00e1l es nuestra misi\u00f3n.<\/p>\n<p>El Papa Francisco en su mensaje para la Jornada Mundial de las Misiones 2018 nos dice:<\/p>\n<p>\u201cLa vida es una misi\u00f3n: Cada hombre y mujer es una misi\u00f3n, y esta es la raz\u00f3n por la que se encuentra viviendo en la tierra\u201d. Ser atra\u00eddos y ser enviados son los dos movimientos que nuestro coraz\u00f3n, sobre todo cuando es joven en edad, siente como fuerzas interiores del amor que prometen un futuro e impulsan hacia adelante nuestra existencia. Nadie mejor que los j\u00f3venes percibe c\u00f3mo la vida sorprende y atrae. Vivir con alegr\u00eda la propia<br \/>\nresponsabilidad ante el mundo es un gran desaf\u00edo. Conozco bien las luces y sombras del ser joven y, si pienso en mi juventud y en mi familia, recuerdo lo intensa que era la esperanza en un futuro mejor. El hecho de que estemos en<br \/>\neste mundo sin una previa decisi\u00f3n nuestra, nos hace intuir que hay una iniciativa que nos precede y nos llama a la existencia. Cada uno de nosotros est\u00e1 llamado a reflexionar sobre esta realidad: \u00abYo soy una misi\u00f3n en esta<br \/>\ntierra, y para eso estoy en este mundo\u00bb (Exhortaci\u00f3n apost\u00f3lica Evangelii Gaudium, 273).<\/p>\n<p>&nbsp;<\/p>\n<h3>Es importante detenernos a pensar en las palabras del Papa:<\/h3>\n<p style=\"text-align: center;\">\n\u00bfQu\u00e9 es lo que m\u00e1s te llam\u00f3 la atenci\u00f3n?<\/p>\n<p style=\"text-align: center;\">Si pudieras resumir este mensaje, \u00bfc\u00f3mo quedar\u00eda?<\/p>\n<p style=\"text-align: center;\">\u00bfCu\u00e1l es la invitaci\u00f3n que hace el Papa para vivir las misiones?<\/p>\n<p>Por todas las razones que has pensado o manifestado es importante reconocer que ser Misionero es un gran compromiso, contigo, con la instituci\u00f3n, con la iglesia y finalmente con las personas que encontrar\u00e1s en los lugares de misiones, por ello es necesario que vayas lo mejor preparado te\u00f3rica y pr\u00e1cticamente, as\u00ed como en esp\u00edritu de fe, fraternidad y servicio. No se trata solo de ir a dar tu tiempo, sino de compartir el llamado, que de alguna manera u otra, Dios te ha hecho para servir.<\/p>\n<p>Ser un misionero lasallista implica tener, un coraz\u00f3n abierto a los dem\u00e1s, un compromiso aut\u00e9ntico y una vida llena de entusiasmo para llevar la Buena Nueva de Jes\u00fas.<\/p>\n<h2 style=\"text-align: center;\">\u00a1Atr\u00e9vete, vale la pena!<\/h2>\n<p>[\/vc_column_text][\/vc_column][\/vc_row]<\/p>\n","protected":false},"excerpt":{"rendered":"<p>[vc_row][vc_column][vc_single_image image=&#8221;5474&#8243; img_size=&#8221;large&#8221;][vc_column_text]Nuestra misi\u00f3n en la vida es uno de los temas m\u00e1s importantes que tenemos que reflexionar. Saber qu\u00e9 es una misi\u00f3n, cu\u00e1ndo es de Dios, y cu\u00e1l es nuestra misi\u00f3n. El Papa Francisco en su mensaje para la Jornada Mundial de las Misiones 2018 nos dice: \u201cLa vida es una misi\u00f3n: Cada hombre y mujer es una misi\u00f3n,&nbsp;<a href=\"https:\/\/www.lasallechihuahua.edu.mx\/wordpress\/misiones-lasallistas\/\">[&hellip;]<\/a><\/p>\n","protected":false},"author":2,"featured_media":0,"parent":0,"menu_order":0,"comment_status":"closed","ping_status":"closed","template":"","meta":[],"_links":{"self":[{"href":"https:\/\/www.lasallechihuahua.edu.mx\/wordpress\/wp-json\/wp\/v2\/pages\/5472"}],"collection":[{"href":"https:\/\/www.lasallechihuahua.edu.mx\/wordpress\/wp-json\/wp\/v2\/pages"}],"about":[{"href":"https:\/\/www.lasallechihuahua.edu.mx\/wordpress\/wp-json\/wp\/v2\/types\/page"}],"author":[{"embeddable":true,"href":"https:\/\/www.lasallechihuahua.edu.mx\/wordpress\/wp-json\/wp\/v2\/users\/2"}],"replies":[{"embeddable":true,"href":"https:\/\/www.lasallechihuahua.edu.mx\/wordpress\/wp-json\/wp\/v2\/comments?post=5472"}],"version-history":[{"count":2,"href":"https:\/\/www.lasallechihuahua.edu.mx\/wordpress\/wp-json\/wp\/v2\/pages\/5472\/revisions"}],"predecessor-version":[{"id":5475,"href":"https:\/\/www.lasallechihuahua.edu.mx\/wordpress\/wp-json\/wp\/v2\/pages\/5472\/revisions\/5475"}],"wp:attachment":[{"href":"https:\/\/www.lasallechihuahua.edu.mx\/wordpress\/wp-json\/wp\/v2\/media?parent=5472"}],"curies":[{"name":"wp","href":"https:\/\/api.w.org\/{rel}","templated":true}]}}