{"id":2404,"date":"2016-09-14T12:46:58","date_gmt":"2016-09-14T18:46:58","guid":{"rendered":"http:\/\/www.lasallechihuahua.edu.mx\/wordpress\/?page_id=2404"},"modified":"2018-06-22T11:54:09","modified_gmt":"2018-06-22T17:54:09","slug":"movimiento-infantil-y-juvenil-lasallista","status":"publish","type":"page","link":"https:\/\/www.lasallechihuahua.edu.mx\/wordpress\/movimiento-infantil-y-juvenil-lasallista\/","title":{"rendered":"Movimiento Infantil y Juvenil Lasallista"},"content":{"rendered":"<p>[vc_row][vc_column][vc_column_text]La escuela lasallista, preocupada por la formaci\u00f3n integral de sus alumnos ha buscado maneras de brindar a los ni\u00f1os y j\u00f3venes oportunidades de formaci\u00f3n adicional que complemente su Educaci\u00f3n. Una de las formas que las escuelas lasallistas tienen para apoyar la educaci\u00f3n en todos los \u00e1mbitos de la persona es el desarrollo de grupos infantiles y juveniles.<\/p>\n<p>Las actividades desarrolladas en los grupos del Movimiento Infantil y Juvenil Lasallista, buscan seguir objetivos comunes de crecimiento humano y cristiano.<\/p>\n<p>Los grupos infantiles y juveniles tienen una finalidad trascendente. \u201cSus miembros quieren ser ap\u00f3stoles, amigos y seguidores del Se\u00f1or, que sirviendo y dando testimonio en su ambiente buscan cimentar una comunidad de amor. Su finalidad es llevar la Buena Nueva a todos los ambientes donde sus miembros participan.[\/vc_column_text][vc_row_inner][vc_column_inner][vc_custom_heading text=&#8221;\u00a1\u00a1Te invitamos a que vivas la experiencia!!&#8221; font_container=&#8221;tag:h2|font_size:35|text_align:center|color:%23ffffff&#8221; google_fonts=&#8221;font_family:Amaranth%3Aregular%2Citalic%2C700%2C700italic|font_style:400%20regular%3A400%3Anormal&#8221; css=&#8221;.vc_custom_1529690001104{padding-top: 20px !important;padding-bottom: 20px !important;background-color: #d8ab34 !important;}&#8221;][vc_empty_space][\/vc_column_inner][\/vc_row_inner][vc_text_separator title=&#8221;A continuaci\u00f3n te presentamos informacion detallada de los grupos&#8221; color=&#8221;blue&#8221; border_width=&#8221;4&#8243;][vc_column_text]<\/p>\n<p style=\"text-align: justify;\">El Director de la Instituci\u00f3n es quien designa al\u00a0Coordinador General del Movimiento Infantil y Juvenil<br \/>\nLasallista, el cual es el principal enlace con la Comisi\u00f3n\u00a0de Pastoral Educativa y colabora a la unidad del Movimiento\u00a0en la Instituci\u00f3n. El equipo de Pastoral apoya y\u00a0estimula la creaci\u00f3n y vitalidad del Movimiento Infantil y\u00a0Juvenil Lasallista en la comunidad educativa.<\/p>\n<h3 style=\"text-align: justify;\">a. DE LOS GRUPOS:<\/h3>\n<h4 style=\"text-align: justify;\">Estructura y formaci\u00f3n por niveles seg\u00fan las dimensiones\u00a0de la persona.<\/h4>\n<\/p>\n<p style=\"text-align: justify;\">El asesor del nivel debe elaborar y presentar\u00a0su programa anual al Director de la Instituci\u00f3n y al\u00a0responsable de la comisi\u00f3n, al inicio del a\u00f1o escolar,\u00a0de acuerdo al programa establecido para el nivel del\u00a0Movimiento. (Ver programa de Formaci\u00f3n por niveles en\u00a0<a href=\"http:\/\/lasalle.edu.mx\/pastoral\/movimiento-infantil-y-juvenil\/\">http:\/\/lasalle.edu.mx\/pastoral\/movimiento-infantil-y-juvenil\/<\/a>).<\/p>\n<p style=\"text-align: justify;\">Los niveles son:<\/p>\n<p style=\"text-align: justify;\"><strong>Estrellas.<\/strong><br \/>\nEstrellas lo forman alumnos de cuarto y quinto\u00a0de Primaria que por lo general tienen entre 9 y\u00a010 a\u00f1os. El escudo del nivel est\u00e1 compuesto\u00a0por una estrella amarilla de cinco picos sobre\u00a0un fondo verde que representa la esperanza y\u00a0la fe. As\u00ed mismo representan a los ideales\u00a0lasallistas de fe, fraternidad, servicio, compromiso\u00a0y justicia dentro de la vida misma\u00a0expresada en el color verde.<\/p>\n<p style=\"text-align: justify;\"><strong>Cheurones.<\/strong><br \/>\nEl nivel de formaci\u00f3n Cheurones lo forman\u00a0alumnos de sexto de primaria y 1\u00ba a\u00f1o de\u00a0Secundaria que tienen entre 10 y 11 a\u00f1os.\u00a0El escudo del nivel est\u00e1 compuesto por tres\u00a0cheurones dorados en un fondo azul que\u00a0representan el valor, el hero\u00edsmo y sacrificio\u00a0que se emplea por la b\u00fasqueda de\u00a0la verdad.<\/p>\n<p style=\"text-align: justify;\"><strong>Torre.<\/strong><br \/>\nEl nivel de formaci\u00f3n Torre lo forman alumnos de 2\u00ba\u00a0y 3\u00ba Secundaria que tienen entre 12 y 15 a\u00f1os de edad. El\u00a0escudo del nivel est\u00e1 compuesto\u00a0por una torre en un fondo rojo\u00a0que representa la fortaleza, la\u00a0seguridad, la firmeza y la integraci\u00f3n\u00a0que se da con entusiasmo,\u00a0sagacidad, astucia y amor\u00a0en un ambiente de unidad a pesar\u00a0de las adversidades.<\/p>\n<p style=\"text-align: justify;\"><strong>Salla<\/strong><br \/>\nEl nivel de formaci\u00f3n Salla est\u00e1\u00a0integrado por alumnos de Bachillerato\u00a0que por lo general tienen\u00a0entre 15 y 18 a\u00f1os de edad. El\u00a0escudo del nivel est\u00e1 compuesto\u00a0por una corona con la leyenda\u00a0\u201cSalla\u201d sobre un fondo negro.\u00a0Que representan la lucha, el servicio\u00a0y honor con el cual deben encarar\u00a0al mundo.<\/p>\n<p style=\"text-align: justify;\"><strong>Indivisa Manent<\/strong><br \/>\nEl nivel de formaci\u00f3n Indivisa\u00a0Manent lo forman ex alumnos de\u00a0Bachillerato, alumnos universitarios\u00a0de las Instituciones Educativas\u00a0Lasallistas, ex voluntarios j\u00f3venes u\u00a0otros lasallistasque se sienten atra\u00eddos\u00a0por el carisma y espiritualidad. El escudo\u00a0del nivel est\u00e1 compuesto por una banda blanca con la<br \/>\nleyenda Indivisa Manent en un fondo amarillo que simboliza\u00a0la fidelidad al carisma, continuidad y compromiso\u00a0desde la sabidur\u00eda, la experiencia y riqueza propia.<\/p>\n<h3 style=\"text-align: justify;\">b. SEGUIMIENTO AL PROGRAMA ESTABLECIDO POR NIVELES.<\/h3>\n<\/p>\n<p style=\"text-align: justify;\">El Coordinador General del Movimiento es el responsable\u00a0de darle seguimiento al programa establecido por\u00a0niveles en la Instituci\u00f3n.<\/p>\n<h4 style=\"text-align: justify;\">a. DEL ASESOR:<\/h4>\n<p style=\"text-align: justify; padding-left: 30px;\"><em><strong>Responsable por nivel.<\/strong><\/em><br \/>\nPara cada nivel habr\u00e1 un Asesor responsable ante el\u00a0Coordinador General del movimiento de la Instituci\u00f3n, el\u00a0cual a su vez podr\u00e1 apoyarse en Animadores seg\u00fan el n\u00famero\u00a0de integrantes y las actividades realizadas. El Asesor\u00a0que prepara a los animadores deber\u00e1 tener una experiencia\u00a0m\u00ednima de tres a\u00f1os y es designado por el Coordinador\u00a0General del Movimiento de la Instituci\u00f3n. El Asesor procura\u00a0la participaci\u00f3n en la preparaci\u00f3n de las sesiones para los\u00a0grupos y fomenta el trabajo colaborativo.<\/p>\n<p style=\"text-align: justify; padding-left: 30px;\"><strong><em>V\u00ednculo con el Departamento de Pastoral.<\/em><\/strong><\/p>\n<p style=\"text-align: justify; padding-left: 30px;\">El Asesor debe participar y tener comunicaci\u00f3n entre compa\u00f1eros, Coordinador General y el Departamento de\u00a0Pastoral de la Instituci\u00f3n en cuanto al trabajo con el grupo\u00a0y coordinarse para actividades especiales como misiones,\u00a0campa\u00f1as, apostolados, etc.<\/p>\n<p style=\"text-align: justify; padding-left: 30px;\"><strong><em>Asesor\u00eda y preparaci\u00f3n de las sesiones de cada grupo.<\/em><\/strong><br \/>\nCada Asesor es el responsable de la preparaci\u00f3n de la\u00a0sesi\u00f3n de su grupo, el cual podr\u00e1 apoyarse con sus Animadores,\u00a0y deber\u00e1 realizarse peri\u00f3dicamente (semanal o quincenalmente).<\/p>\n<p style=\"text-align: justify; padding-left: 30px;\"><strong><em>Supervisi\u00f3n<\/em><\/strong>.<br \/>\nEl Asesor es quien ser\u00e1 responsable de supervisar la realizaci\u00f3n\u00a0del programa, la preparaci\u00f3n y la realizaci\u00f3n de las\u00a0sesiones a trav\u00e9s de observaci\u00f3n directa, entrevistas y reuniones\u00a0asignadas para tal efecto seg\u00fan sea el nivel, as\u00ed como\u00a0el trabajo realizado por sus animadores. \u00c9sta deber\u00e1 ser de\u00a0manera peri\u00f3dica y permanente.<\/p>\n<p style=\"text-align: justify; padding-left: 30px;\"><strong><em>Evaluaci\u00f3n<\/em><\/strong>.<br \/>\nEl Asesor o equipo de Asesores evaluar\u00e1n semestralmente\u00a0el trabajo realizado por los animadores, as\u00ed como las\u00a0sesiones de su grupo a trav\u00e9s de la observaci\u00f3n directa, entrevistas\u00a0y reuniones calendarizadas para tal efecto.<\/p>\n<p style=\"text-align: justify; padding-left: 30px;\">El Coordinador del movimiento evaluar\u00e1 el trabajo realizado\u00a0por los distintos grupos en reuniones con los asesores\u00a0de los diferentes niveles y con el Responsable de Pastoral de\u00a0la Instituci\u00f3n.<\/p>\n<h4 style=\"text-align: justify;\">b. DEL ANIMADOR<\/h4>\n<p style=\"text-align: justify;\">Cada Asesor podr\u00e1 tener de uno a tres Animadores por\u00a0nivel, (dependiendo del n\u00famero), los cuales deben apoyarlo\u00a0en la planeaci\u00f3n, organizaci\u00f3n y realizaci\u00f3n de las sesiones.<\/p>\n<h4 style=\"text-align: justify;\">c. DE LAS SESIONES<\/h4>\n<p style=\"text-align: justify; padding-left: 30px;\"><strong><em>Organizaci\u00f3n general de las sesiones.<\/em><\/strong><br \/>\nLa organizaci\u00f3n de cada sesi\u00f3n por nivel debe seguir\u00a0los esquemas preparados para tal efecto los cuales son: planeaci\u00f3n\u00a0de actividades por sesi\u00f3n, registro de logros y hoja\u00a0de alumno las cuales se encuentran en la p\u00e1gina del Movimiento\u00a0y Manual de Pastoral Juvenil.<\/p>\n<p style=\"text-align: justify; padding-left: 30px;\">Frecuencia.<br \/>\nLa frecuencia de las sesiones de los grupos puede ser\u00a0semanal, quincenal o mensual, de acuerdo a la realidad de\u00a0cada Instituci\u00f3n y deber\u00e1 establecerse en un horario accesible\u00a0para los miembros de cada nivel (se sugiere dedicar una\u00a0tarde a las semana en la Instituci\u00f3n exclusivamente a los\u00a0grupos).<\/p>\n<p style=\"text-align: justify; padding-left: 30px;\">Apostolados.<br \/>\nLos apostolados deben realizarse buscando los objetivos\u00a0establecidos en la dimensi\u00f3n apost\u00f3lica de cada nivel.\u00a0\u00c9stos deber\u00e1n coordinarse entre los diferentes grupos y en\u00a0comunicaci\u00f3n con el Coordinador General del Movimiento\u00a0y el Departamento de Pastoral de la Instituci\u00f3n.<\/p>\n<p style=\"text-align: justify; padding-left: 30px;\">Establecer con claridad el apostolado que deben realizar\u00a0los grupos:<\/p>\n<ul>\n<li style=\"text-align: justify; padding-left: 30px;\"><strong><em>Estrellas y Cheurones:<\/em><\/strong> Al menos una al semestre de contacto\u00a0directo con grupos vulnerables.<\/li>\n<li style=\"text-align: justify; padding-left: 30px;\"><strong><em>Torre:<\/em><\/strong> Al menos una al mes en contacto directo con grupos\u00a0vulnerables.<\/li>\n<li style=\"text-align: justify; padding-left: 30px;\"><strong><em>Salla:<\/em><\/strong> Semanal, privilegiando la catequesis en colaboraci\u00f3n\u00a0con parroquias en zonas populares.<\/li>\n<\/ul>\n<p>[\/vc_column_text][\/vc_column][\/vc_row]<\/p>\n","protected":false},"excerpt":{"rendered":"<p>[vc_row][vc_column][vc_column_text]La escuela lasallista, preocupada por la formaci\u00f3n integral de sus alumnos ha buscado maneras de brindar a los ni\u00f1os y j\u00f3venes oportunidades de formaci\u00f3n adicional que complemente su Educaci\u00f3n. Una de las formas que las escuelas lasallistas tienen para apoyar la educaci\u00f3n en todos los \u00e1mbitos de la persona es el desarrollo de grupos infantiles y juveniles. Las actividades desarrolladas&nbsp;<a href=\"https:\/\/www.lasallechihuahua.edu.mx\/wordpress\/movimiento-infantil-y-juvenil-lasallista\/\">[&hellip;]<\/a><\/p>\n","protected":false},"author":2,"featured_media":0,"parent":0,"menu_order":0,"comment_status":"closed","ping_status":"closed","template":"","meta":[],"_links":{"self":[{"href":"https:\/\/www.lasallechihuahua.edu.mx\/wordpress\/wp-json\/wp\/v2\/pages\/2404"}],"collection":[{"href":"https:\/\/www.lasallechihuahua.edu.mx\/wordpress\/wp-json\/wp\/v2\/pages"}],"about":[{"href":"https:\/\/www.lasallechihuahua.edu.mx\/wordpress\/wp-json\/wp\/v2\/types\/page"}],"author":[{"embeddable":true,"href":"https:\/\/www.lasallechihuahua.edu.mx\/wordpress\/wp-json\/wp\/v2\/users\/2"}],"replies":[{"embeddable":true,"href":"https:\/\/www.lasallechihuahua.edu.mx\/wordpress\/wp-json\/wp\/v2\/comments?post=2404"}],"version-history":[{"count":3,"href":"https:\/\/www.lasallechihuahua.edu.mx\/wordpress\/wp-json\/wp\/v2\/pages\/2404\/revisions"}],"predecessor-version":[{"id":3234,"href":"https:\/\/www.lasallechihuahua.edu.mx\/wordpress\/wp-json\/wp\/v2\/pages\/2404\/revisions\/3234"}],"wp:attachment":[{"href":"https:\/\/www.lasallechihuahua.edu.mx\/wordpress\/wp-json\/wp\/v2\/media?parent=2404"}],"curies":[{"name":"wp","href":"https:\/\/api.w.org\/{rel}","templated":true}]}}