{"id":21,"date":"2014-01-10T10:42:58","date_gmt":"2014-01-10T17:42:58","guid":{"rendered":"http:\/\/www.lasallechihuahua.edu.mx.ws049.alentus.com\/portal\/wordpress\/?page_id=21"},"modified":"2018-06-21T10:24:13","modified_gmt":"2018-06-21T16:24:13","slug":"lasallismo","status":"publish","type":"page","link":"https:\/\/www.lasallechihuahua.edu.mx\/wordpress\/lasallismo\/","title":{"rendered":"Lasallismo"},"content":{"rendered":"<p>[vc_row][vc_column][vc_column_text]La espiritualidad y carisma de San Juan Bautista de la Salle permea todo el ser y quehacer de la labor educativa en el Instituto la Salle de Chihuahua. Los valores que lo sustentan son fe, fraternidad y servicio.<\/p>\n<p>Ver todo con los ojos de la fe, hacer todo con la mira puesta en Dios y con la intenci\u00f3n de agradarle.<\/p>\n<p>Este esp\u00edritu se promueve y alimenta a lo largo del d\u00eda por medio de la reflexi\u00f3n y oraci\u00f3n de la ma\u00f1ana, el recuerdo frecuente de la presencia de Dios, la toma de conciencia y las clases de catequesis.[\/vc_column_text][vc_row_inner][vc_column_inner width=&#8221;1\/4&#8243;]\n\t\t\t\t\t<a\n\t\t\t\thref=\"http:\/\/www.lasallechihuahua.edu.mx\/wordpress\/lasallismo\/fundador\/\"\n\t\t\t\tclass=\"wh-theme-icon vc_custom_1529598161004\"\n\t\t\t\t\t\t\t\t\t\t\t\tstyle=\"font-size:65px;color:#31519c!important;text-align:center;\"\t\t\t\t><i class=\"icon-freshman-applicant\" onMouseOver=\"this.style.color='#b4b7c1'\" onMouseOut=\"this.style.color='#31519c'\"><\/i><\/a>\n\t\t\n\t\t[vc_custom_heading text=&#8221;Fundador&#8221; font_container=&#8221;tag:h5|text_align:center|color:%23b4b7c1&#8243; link=&#8221;url:http%3A%2F%2Fwww.lasallechihuahua.edu.mx%2Fwordpress%2Flasallismo%2Ffundador%2F|||&#8221;][\/vc_column_inner][vc_column_inner width=&#8221;1\/4&#8243;]\n\t\t\t\t\t<a\n\t\t\t\thref=\"http:\/\/www.lasallechihuahua.edu.mx\/wordpress\/lasallismo\/mision_vision\/\"\n\t\t\t\tclass=\"wh-theme-icon vc_custom_1529598177268\"\n\t\t\t\t\t\t\t\t\t\t\t\tstyle=\"font-size:65px;color:#31519c!important;text-align:center;\"\t\t\t\t><i class=\"icon-star\" onMouseOver=\"this.style.color='#b4b7c1'\" onMouseOut=\"this.style.color='#31519c'\"><\/i><\/a>\n\t\t\n\t\t[vc_custom_heading text=&#8221;Ideario-Misi\u00f3n<br \/>\nVisi\u00f3n-Valores&#8221; font_container=&#8221;tag:h5|text_align:center|color:%23b4b7c1&#8243; link=&#8221;url:http%3A%2F%2Fwww.lasallechihuahua.edu.mx%2Fwordpress%2Flasallismo%2Fmision_vision%2F|||&#8221;][\/vc_column_inner][vc_column_inner width=&#8221;1\/4&#8243;]\n\t\t\t\t\t<a\n\t\t\t\thref=\"http:\/\/www.lasallechihuahua.edu.mx\/wordpress\/lasallismo\/modelo-educativo\/\"\n\t\t\t\tclass=\"wh-theme-icon vc_custom_1529598194708\"\n\t\t\t\t\t\t\t\t\t\t\t\tstyle=\"font-size:65px;color:#31519c!important;text-align:center;\"\t\t\t\t><i class=\"icon-school-certificate\" onMouseOver=\"this.style.color='#b4b7c1'\" onMouseOut=\"this.style.color='#31519c'\"><\/i><\/a>\n\t\t\n\t\t[vc_custom_heading text=&#8221;Modelo Educativo&#8221; font_container=&#8221;tag:h5|text_align:center|color:%23b4b7c1&#8243; link=&#8221;url:http%3A%2F%2Fwww.lasallechihuahua.edu.mx%2Fwordpress%2Flasallismo%2Fmodelo-educativo%2F|||&#8221;][\/vc_column_inner][vc_column_inner width=&#8221;1\/4&#8243;]\n\t\t\t\t\t<a\n\t\t\t\thref=\"http:\/\/www.lasallechihuahua.edu.mx\/wordpress\/lasallismo\/historia\/\"\n\t\t\t\tclass=\"wh-theme-icon vc_custom_1529598212533\"\n\t\t\t\t\t\t\t\t\t\t\t\tstyle=\"font-size:65px;color:#31519c!important;text-align:center;\"\t\t\t\t><i class=\"icon-school-building-with-flag\" onMouseOver=\"this.style.color='#b4b7c1'\" onMouseOut=\"this.style.color='#31519c'\"><\/i><\/a>\n\t\t\n\t\t[vc_custom_heading text=&#8221;Historia&#8221; font_container=&#8221;tag:h5|text_align:center|color:%23b4b7c1&#8243; link=&#8221;url:http%3A%2F%2Fwww.lasallechihuahua.edu.mx%2Fwordpress%2Flasallismo%2Fhistoria%2F|||&#8221;][\/vc_column_inner][\/vc_row_inner][vc_row_inner][vc_column_inner width=&#8221;1\/4&#8243;]\n\t\t\t\t\t<a\n\t\t\t\thref=\"http:\/\/www.lasallechihuahua.edu.mx\/wordpress\/lasallismo\/documentos-del-fundador\/\"\n\t\t\t\tclass=\"wh-theme-icon vc_custom_1529598237133\"\n\t\t\t\t\t\t\t\t\t\t\t\tstyle=\"font-size:65px;color:#31519c!important;text-align:center;\"\t\t\t\t><i class=\"icon-application-documents\" onMouseOver=\"this.style.color='#b4b7c1'\" onMouseOut=\"this.style.color='#31519c'\"><\/i><\/a>\n\t\t\n\t\t[vc_custom_heading text=&#8221;Documentos del Fundador&#8221; font_container=&#8221;tag:h5|text_align:center|color:%23b4b7c1&#8243; link=&#8221;url:http%3A%2F%2Fwww.lasallechihuahua.edu.mx%2Fwordpress%2Flasallismo%2Fdocumentos-del-fundador%2F|||&#8221;][\/vc_column_inner][\/vc_row_inner][\/vc_column][\/vc_row]<\/p>\n","protected":false},"excerpt":{"rendered":"<p>[vc_row][vc_column][vc_column_text]La espiritualidad y carisma de San Juan Bautista de la Salle permea todo el ser y quehacer de la labor educativa en el Instituto la Salle de Chihuahua. Los valores que lo sustentan son fe, fraternidad y servicio. Ver todo con los ojos de la fe, hacer todo con la mira puesta en Dios y con la intenci\u00f3n de agradarle.&nbsp;<a href=\"https:\/\/www.lasallechihuahua.edu.mx\/wordpress\/lasallismo\/\">[&hellip;]<\/a><\/p>\n","protected":false},"author":1,"featured_media":0,"parent":0,"menu_order":0,"comment_status":"open","ping_status":"open","template":"","meta":[],"_links":{"self":[{"href":"https:\/\/www.lasallechihuahua.edu.mx\/wordpress\/wp-json\/wp\/v2\/pages\/21"}],"collection":[{"href":"https:\/\/www.lasallechihuahua.edu.mx\/wordpress\/wp-json\/wp\/v2\/pages"}],"about":[{"href":"https:\/\/www.lasallechihuahua.edu.mx\/wordpress\/wp-json\/wp\/v2\/types\/page"}],"author":[{"embeddable":true,"href":"https:\/\/www.lasallechihuahua.edu.mx\/wordpress\/wp-json\/wp\/v2\/users\/1"}],"replies":[{"embeddable":true,"href":"https:\/\/www.lasallechihuahua.edu.mx\/wordpress\/wp-json\/wp\/v2\/comments?post=21"}],"version-history":[{"count":8,"href":"https:\/\/www.lasallechihuahua.edu.mx\/wordpress\/wp-json\/wp\/v2\/pages\/21\/revisions"}],"predecessor-version":[{"id":3225,"href":"https:\/\/www.lasallechihuahua.edu.mx\/wordpress\/wp-json\/wp\/v2\/pages\/21\/revisions\/3225"}],"wp:attachment":[{"href":"https:\/\/www.lasallechihuahua.edu.mx\/wordpress\/wp-json\/wp\/v2\/media?parent=21"}],"curies":[{"name":"wp","href":"https:\/\/api.w.org\/{rel}","templated":true}]}}