{"id":18,"date":"2014-01-10T10:42:37","date_gmt":"2014-01-10T17:42:37","guid":{"rendered":"http:\/\/www.lasallechihuahua.edu.mx.ws049.alentus.com\/portal\/wordpress\/?page_id=18"},"modified":"2018-10-02T19:27:55","modified_gmt":"2018-10-03T01:27:55","slug":"fundador","status":"publish","type":"page","link":"https:\/\/www.lasallechihuahua.edu.mx\/wordpress\/lasallismo\/fundador\/","title":{"rendered":"Fundador"},"content":{"rendered":"<h2 style=\"text-align: justify;\">Juan Bautista de la Salle<\/h2>\n<p style=\"text-align: justify;\">Nacido en Reims, en una familia piadosa e influyente, el 30 de abril de 1651, Juan Bautista de La<img loading=\"lazy\" class=\"alignright size-full wp-image-254\" src=\"https:\/\/www.lasallechihuahua.edu.mx\/wordpress\/wp-content\/uploads\/2014\/01\/San-Juan-Bautista-de-la-Salle.jpg\" alt=\"San Juan Bautista de la Salle\" width=\"187\" height=\"250\" \/> Salle recibe la tonsura a\u00a0la edad de 11 a\u00f1os y el t\u00edtulo de Can\u00f3nigo de Reims a la edad de 16 a\u00f1os. Al mismo tiempo que prosigue estudios de teolog\u00eda, debe, despu\u00e9s de la muerte de sus padres, asumir la administraci\u00f3n de los asuntos de la familia y la tutela de sus hermanos y hermanas. Es ordenado sacerdote el 9 de abril de 1678. Dos a\u00f1os m\u00e1s tarde recibe el t\u00edtulo de doctor en teolog\u00eda. En esos momentos se ve comprometido a ocuparse de j\u00f3venes sin cultura que desempe\u00f1an la funci\u00f3n de maestros de escuela. Dos a\u00f1os m\u00e1s tarde recibe el t\u00edtulo de doctor en teolog\u00eda. En esos momentos se ve comprometido a ocuparse de j\u00f3venes sin cultura que desempe\u00f1an la funci\u00f3n de maestros de escuela. Gradualmente y sin haberlo previsto, termina por hacerse cargo de ellos. Conmovido por la situaci\u00f3n de los ni\u00f1os pobres que parec\u00edan estar &#8220;lejos de la salvaci\u00f3n&#8221;, tanto en este mundo como en el otro, decide promover la educaci\u00f3n de esos ni\u00f1os &#8220;abandonados a s\u00ed mismos y mal educados&#8221;, empujado por Dios. Para ser m\u00e1s eficaz, abandona su casa, se va a vivir con los maestros, renuncia a su canonj\u00eda y a sus bienes y establece una comunidad que llevar\u00e1 pronto el nombre de Hermanos de las Escuelas Cristianas.<\/p>\n<p align=\"justify\">Su obra encuentra la oposici\u00f3n de las autoridades eclesi\u00e1sticas que eran hostiles a la creaci\u00f3n de una nueva forma de vida religiosa, una comunidad de laicos consagrados a la gu\u00eda de escuelas gratuitas &#8220;juntos y por asociaci\u00f3n&#8221;. Sus m\u00e9todos innovadores y su insistencia en la gratuidad para todos, que pudieran pagar o no, le crean muchas enemistades. Sin embargo, De La Salle y sus Hermanos logran establecer por toda Francia una red de escuelas de calidad, caracterizadas por el empleo de la lengua popular, el agrupamiento de alumnos por niveles, la integraci\u00f3n de la formaci\u00f3n religiosa con la ense\u00f1anza profana, con maestros bien preparados y con conciencia de vocaci\u00f3n y de misi\u00f3n, y con la implicaci\u00f3n de los padres. La Salle es, adem\u00e1s, un pionero en la preparaci\u00f3n de maestros seglares, las clases dominicales para los j\u00f3venes que trabajan, y una de las primeras instituciones en Francia para delincuentes. Extenuado por las penitencias y los trabajos agotadores, muere en San Yon cerca de Ru\u00e1n, un Viernes Santo por la ma\u00f1ana, el 7 de abril de 1719, pocas semanas antes de cumplir 68 a\u00f1os.<\/p>\n<ul>\n<li>Nacido en Reims, Francia, el 30 de abril de 1651<\/li>\n<li>Ordenado sacerdote el 9 de abril de 1678<\/li>\n<li>Fallecido el 7 de abril de 1719<\/li>\n<li>Beatificado el 19 de febrero de 1888<\/li>\n<li>Canonizado el 24 de mayo de 1900<\/li>\n<li>Proclamado Patrono de los ense\u00f1antes el 15 de mayo de 1950<\/li>\n<\/ul>\n<p>&nbsp;<\/p>\n<div id=\"attachment_227\" style=\"width: 460px\" class=\"wp-caption aligncenter\"><a href=\"https:\/\/www.lasallechihuahua.edu.mx\/wordpress\/wp-content\/uploads\/2014\/01\/urna.jpg\"><img aria-describedby=\"caption-attachment-227\" loading=\"lazy\" class=\"size-full wp-image-227\" src=\"https:\/\/www.lasallechihuahua.edu.mx\/wordpress\/wp-content\/uploads\/2014\/01\/urna.jpg\" alt=\"urna\" width=\"450\" height=\"287\" srcset=\"https:\/\/www.lasallechihuahua.edu.mx\/wordpress\/wp-content\/uploads\/2014\/01\/urna.jpg 450w, https:\/\/www.lasallechihuahua.edu.mx\/wordpress\/wp-content\/uploads\/2014\/01\/urna-300x191.jpg 300w\" sizes=\"(max-width: 450px) 100vw, 450px\" \/><\/a><p id=\"caption-attachment-227\" class=\"wp-caption-text\">Roma, Casa Generalicia\u2014Urna, conteniendo las Reliquias de San Juan Bta. DE LA SALLE. Despu\u00e9s de reposar 187 a\u00f1os en Rouen y 31 en Lembecq-lez-Hal (Belgica), llegaron a Roma el 24 de enero de 1937. Fueron acogidas en la capilla actual, recientemente terminada por aquel entonces, con gran solemnidad.<\/p><\/div>\n<div class=\"gdl-page-item\">\n<div class=\"sixteen columns mb20\">\n<ul>\n<li>Biograf\u00eda de San Juan Bautista de la Salle<strong>:<\/strong>\n<ul>\n<li><a href=\"https:\/\/goo.gl\/i24QW9\" target=\"_blank\" rel=\"noopener\"><strong>EPUB -CAMINANDO JUNTOS\u00a0<\/strong><br \/>\nLa vida de La Salle a trav\u00e9s de la mirada de Jean Jacquot<\/a><\/li>\n<li><a href=\"https:\/\/goo.gl\/NDYLMN\" target=\"_blank\" rel=\"noopener\"><strong>PDF -CAMINANDO JUNTOS\u00a0<\/strong><br \/>\nLa vida de La Salle a trav\u00e9s de la mirada de Jean Jacquot<\/a><\/li>\n<\/ul>\n<\/li>\n<\/ul>\n<\/div>\n<\/div>\n<div class=\"gdl-page-item\">\n<div class=\"sixteen columns mb20\">\n<div class=\"gdl-page-content\">\n<p>&nbsp;<\/p>\n<\/div>\n<\/div>\n<\/div>\n","protected":false},"excerpt":{"rendered":"<p>Juan Bautista de la Salle Nacido en Reims, en una familia piadosa e influyente, el 30 de abril de 1651, Juan Bautista de La Salle recibe la tonsura a\u00a0la edad de 11 a\u00f1os y el t\u00edtulo de Can\u00f3nigo de Reims a la edad de 16 a\u00f1os. Al mismo tiempo que prosigue estudios de teolog\u00eda, debe, despu\u00e9s de la muerte de&nbsp;<a href=\"https:\/\/www.lasallechihuahua.edu.mx\/wordpress\/lasallismo\/fundador\/\">[&hellip;]<\/a><\/p>\n","protected":false},"author":1,"featured_media":0,"parent":21,"menu_order":1,"comment_status":"closed","ping_status":"closed","template":"","meta":[],"_links":{"self":[{"href":"https:\/\/www.lasallechihuahua.edu.mx\/wordpress\/wp-json\/wp\/v2\/pages\/18"}],"collection":[{"href":"https:\/\/www.lasallechihuahua.edu.mx\/wordpress\/wp-json\/wp\/v2\/pages"}],"about":[{"href":"https:\/\/www.lasallechihuahua.edu.mx\/wordpress\/wp-json\/wp\/v2\/types\/page"}],"author":[{"embeddable":true,"href":"https:\/\/www.lasallechihuahua.edu.mx\/wordpress\/wp-json\/wp\/v2\/users\/1"}],"replies":[{"embeddable":true,"href":"https:\/\/www.lasallechihuahua.edu.mx\/wordpress\/wp-json\/wp\/v2\/comments?post=18"}],"version-history":[{"count":10,"href":"https:\/\/www.lasallechihuahua.edu.mx\/wordpress\/wp-json\/wp\/v2\/pages\/18\/revisions"}],"predecessor-version":[{"id":3380,"href":"https:\/\/www.lasallechihuahua.edu.mx\/wordpress\/wp-json\/wp\/v2\/pages\/18\/revisions\/3380"}],"up":[{"embeddable":true,"href":"https:\/\/www.lasallechihuahua.edu.mx\/wordpress\/wp-json\/wp\/v2\/pages\/21"}],"wp:attachment":[{"href":"https:\/\/www.lasallechihuahua.edu.mx\/wordpress\/wp-json\/wp\/v2\/media?parent=18"}],"curies":[{"name":"wp","href":"https:\/\/api.w.org\/{rel}","templated":true}]}}

<h2 style="text-align: justify;">Juan Bautista de la Salle</h2>
<p style="text-align: justify;">Nacido en Reims, en una familia piadosa e influyente, el 30 de abril de 1651, Juan Bautista de La<img loading="lazy" class="alignright size-full wp-image-254" src="https://www.lasallechihuahua.edu.mx/wordpress/wp-content/uploads/2014/01/San-Juan-Bautista-de-la-Salle.jpg" alt="San Juan Bautista de la Salle" width="187" height="250" /> Salle recibe la tonsura a la edad de 11 años y el título de Canónigo de Reims a la edad de 16 años. Al mismo tiempo que prosigue estudios de teología, debe, después de la muerte de sus padres, asumir la administración de los asuntos de la familia y la tutela de sus hermanos y hermanas. Es ordenado sacerdote el 9 de abril de 1678. Dos años más tarde recibe el título de doctor en teología. En esos momentos se ve comprometido a ocuparse de jóvenes sin cultura que desempeñan la función de maestros de escuela. Dos años más tarde recibe el título de doctor en teología. En esos momentos se ve comprometido a ocuparse de jóvenes sin cultura que desempeñan la función de maestros de escuela. Gradualmente y sin haberlo previsto, termina por hacerse cargo de ellos. Conmovido por la situación de los niños pobres que parecían estar &#8220;lejos de la salvación&#8221;, tanto en este mundo como en el otro, decide promover la educación de esos niños &#8220;abandonados a sí mismos y mal educados&#8221;, empujado por Dios. Para ser más eficaz, abandona su casa, se va a vivir con los maestros, renuncia a su canonjía y a sus bienes y establece una comunidad que llevará pronto el nombre de Hermanos de las Escuelas Cristianas.</p>
<p align="justify">Su obra encuentra la oposición de las autoridades eclesiásticas que eran hostiles a la creación de una nueva forma de vida religiosa, una comunidad de laicos consagrados a la guía de escuelas gratuitas &#8220;juntos y por asociación&#8221;. Sus métodos innovadores y su insistencia en la gratuidad para todos, que pudieran pagar o no, le crean muchas enemistades. Sin embargo, De La Salle y sus Hermanos logran establecer por toda Francia una red de escuelas de calidad, caracterizadas por el empleo de la lengua popular, el agrupamiento de alumnos por niveles, la integración de la formación religiosa con la enseñanza profana, con maestros bien preparados y con conciencia de vocación y de misión, y con la implicación de los padres. La Salle es, además, un pionero en la preparación de maestros seglares, las clases dominicales para los jóvenes que trabajan, y una de las primeras instituciones en Francia para delincuentes. Extenuado por las penitencias y los trabajos agotadores, muere en San Yon cerca de Ruán, un Viernes Santo por la mañana, el 7 de abril de 1719, pocas semanas antes de cumplir 68 años.</p>
<ul>
<li>Nacido en Reims, Francia, el 30 de abril de 1651</li>
<li>Ordenado sacerdote el 9 de abril de 1678</li>
<li>Fallecido el 7 de abril de 1719</li>
<li>Beatificado el 19 de febrero de 1888</li>
<li>Canonizado el 24 de mayo de 1900</li>
<li>Proclamado Patrono de los enseñantes el 15 de mayo de 1950</li>
</ul>
<p>&nbsp;</p>
<div id="attachment_227" style="width: 460px" class="wp-caption aligncenter"><a href="https://www.lasallechihuahua.edu.mx/wordpress/wp-content/uploads/2014/01/urna.jpg"><img aria-describedby="caption-attachment-227" loading="lazy" class="size-full wp-image-227" src="https://www.lasallechihuahua.edu.mx/wordpress/wp-content/uploads/2014/01/urna.jpg" alt="urna" width="450" height="287" srcset="https://www.lasallechihuahua.edu.mx/wordpress/wp-content/uploads/2014/01/urna.jpg 450w, https://www.lasallechihuahua.edu.mx/wordpress/wp-content/uploads/2014/01/urna-300x191.jpg 300w" sizes="(max-width: 450px) 100vw, 450px" /></a><p id="caption-attachment-227" class="wp-caption-text">Roma, Casa Generalicia—Urna, conteniendo las Reliquias de San Juan Bta. DE LA SALLE. Después de reposar 187 años en Rouen y 31 en Lembecq-lez-Hal (Belgica), llegaron a Roma el 24 de enero de 1937. Fueron acogidas en la capilla actual, recientemente terminada por aquel entonces, con gran solemnidad.</p></div>
<div class="gdl-page-item">
<div class="sixteen columns mb20">
<ul>
<li>Biografía de San Juan Bautista de la Salle<strong>:</strong>
<ul>
<li><a href="https://goo.gl/i24QW9" target="_blank" rel="noopener"><strong>EPUB -CAMINANDO JUNTOS </strong><br />
La vida de La Salle a través de la mirada de Jean Jacquot</a></li>
<li><a href="https://goo.gl/NDYLMN" target="_blank" rel="noopener"><strong>PDF -CAMINANDO JUNTOS </strong><br />
La vida de La Salle a través de la mirada de Jean Jacquot</a></li>
</ul>
</li>
</ul>
</div>
</div>
<div class="gdl-page-item">
<div class="sixteen columns mb20">
<div class="gdl-page-content">
<p>&nbsp;</p>
</div>
</div>
</div>

<p>Juan Bautista de la Salle Nacido en Reims, en una familia piadosa e influyente, el 30 de abril de 1651, Juan Bautista de La Salle recibe la tonsura a la edad de 11 años y el título de Canónigo de Reims a la edad de 16 años. Al mismo tiempo que prosigue estudios de teología, debe, después de la muerte de&nbsp;<a href="https://www.lasallechihuahua.edu.mx/wordpress/lasallismo/fundador/">[&hellip;]</a></p>
